v**2 + 3*v - 6. Let l be p(4). Calculate the highest common divisor of 154 and l.
22
Suppose 4*w = 2*t + 148, w - 6*w - 4*t = -172. Let u be 4/(-18) - (-656)/w. Calculate the greatest common factor of 9 and u.
9
Suppose -4*j = -8*j - 1328. Let i be (-1)/3 + j/(-6). Calculate the highest common factor of 5 and i.
5
Suppose -5*k + 504 = -2*k. What is the greatest common divisor of 21 and k?
21
Let j(a) = -a - 7. Suppose l + 12 = -2*l. Let v be j(l). Let d(o) = -o**3 - 2*o**2 - o + 4. Let s be d(v). Calculate the greatest common divisor of 8 and s.
8
Let u(p) = 2*p - 1. Let a be u(1). Suppose 4*l + 0*l - 3*t = 35, 0 = -4*l + 5*t + 45. Calculate the greatest common factor of a and l.
1
Let s(p) = -p + 3. Let x be s(10). Let a = 10 + x. Calculate the greatest common divisor of 3 and a.
3
Let c(m) = m + 8. Let z be c(-11). Let h be 88/z*(-3)/2. Calculate the greatest common factor of h and 4.
4
Let i be 75*(-5)/((-125)/15). Calculate the greatest common divisor of 18 and i.
9
Let k(t) = -t**3 - 5*t**2 + 4*t + 7. Let x be k(-6). Suppose n = -4*c + 23, 0*n = 2*n - 5*c + x. What is the highest common divisor of n and 33?
3
Suppose 8*r + 20 = 10*r. What is the greatest common divisor of 40 and r?
10
Let w(i) = -i**3 + 9*i**2 - 7*i - 5. Let f be w(8). Suppose -5 - f = -4*d. Let m = -8 - -11. What is the greatest common factor of d and m?
1
Let q(i) = 2*i**3 + 2*i**2 - 5*i + 4. Let d be q(2). Calculate the highest common factor of 90 and d.
18
Let x = 95 + -75. Calculate the greatest common divisor of x and 5.
5
Suppose -f + 2 + 11 = 0. Let u(a) = 2*a**2 - 7*a - 2. Suppose -3*c = v - 11, -5*c + v = 5*v - 9. Let o be u(c). Calculate the greatest common factor of f and o.
13
Suppose 0 = -4*b - 0*b + 808. Let f be b/22 + (-10)/55. Calculate the greatest common divisor of 63 and f.
9
Suppose -5*p = 3*w - 9, 0 = -w + p + 2 + 1. Suppose 0 = w*v + 4*z - 140, 0 = 2*v - 2*z - 0*z - 70. What is the highest common factor of 16 and v?
8
Let o = 46 + -31. Suppose 2*g - 3 = -5*a + 2*a, -3*g + 3*a = -12. Let d(j) = 25*j. Let l be d(g). Calculate the highest common divisor of l and o.
15
Suppose -29 = -2*m + 69. Calculate the greatest common divisor of 7 and m.
7
Suppose -7*q + 10 = -6*q. Calculate the greatest common divisor of 10 and q.
10
Suppose -2*q = -29 - 7. Let z(k) = 50*k - 2. Let a be z(4). What is the greatest common factor of a and q?
18
Suppose 5*p - 4*b = 64, 0*b = 2*b + 2. Calculate the greatest common factor of p and 48.
12
Let p(t) = t**2 - 7*t + 6. Let x be p(7). Let c be (6/4)/(x/8). Suppose -4*q = -4*j - 68, c*q = -2*j - j + 19. Calculate the highest common factor of q and 28.
14
Suppose 4*c - 19 = 429. What is the greatest common factor of c and 14?
14
Let f = 39 + 69. Suppose -3*u + 2*t - 10 = -4*u, -2*t = 2. Calculate the greatest common divisor of u and f.
12
Let q(x) = 1. Let s(c) = 14*c - 3. Let z(k) = -6*q(k) - s(k). Let d be z(-1). Calculate the highest common divisor of d and 55.
11
Let l(r) = 71*r - 1. Let z be l(1). Calculate the highest common divisor of z and 10.
10
Let b be (-14)/(-21)*18/4. Suppose -33 = -0*p - b*p. What is the greatest common factor of 121 and p?
11
Let f = 8 + -4. Let c be (7*1)/(-3 + f). Calculate the greatest common factor of 63 and c.
7
Let o be (-7)/(-28) + 67/4. Suppose 2*b + o = -0*h + h, 0 = -4*h + 2*b + 38. Suppose -u = 2*u - 3. What is the greatest common divisor of u and h?
1
Let q(v) = v**2 - v - 1. Let x be q(2). Let p be (1/x)/(1/5). What is the greatest common divisor of p and 15?
5
Let m be 10 - 8 - (-1)/1. Let s be 4/(-2)*30/(-1). Suppose 4*b - s = m*j, 3*j + 3 + 9 = 0. What is the greatest common divisor of 48 and b?
12
Let n = 521 + -356. Calculate the highest common divisor of n and 33.
33
Suppose 24 = -2*r + z, -2*r - 5*z - 48 = 2*r. Let g be 19/3 - 8/r. Calculate the greatest common divisor of g and 49.
7
Suppose -5*b + 70 + 50 = 0. Let q = -48 + 52. Suppose -4 = q*g - b. Calculate the highest common factor of g and 30.
5
Let u = 19 + -17. Suppose -u*c - 12 = -64. Calculate the highest common divisor of 78 and c.
26
Suppose u = 2*u - 1. Suppose 0 = 2*a - 2*y - 4, -2*a - 2*a = -y - 8. Calculate the highest common factor of a and u.
1
Let h = 245 + -139. Let p = h + -41. Let t(u) = 2*u**2 - 25*u. Let q be t(13). What is the highest common divisor of p and q?
13
Let v(m) = -m - 4. Let y be v(-11). Calculate the highest common divisor of y and 1.
1
Let a be ((-115)/(-15))/(2/60). What is the highest common factor of 23 and a?
23
Suppose 2*m - 5*j - 29 = 0, 5*m + 4*j + 16 = 3*m. What is the greatest common factor of 10 and m?
2
Suppose -2*w - 3*y + 8*y - 9 = 0, -4*w - 5*y = -27. Suppose -3*n = -w*l - 150, -n - 175 = -5*n - l. What is the highest common divisor of n and 5?
5
Suppose i - 5*p = 14, 0 = -4*i - p - 3*p + 32. Calculate the greatest common factor of 1 and i.
1
Suppose -j + 1 + 1 = 0. Suppose -6 = -j*i + 28. What is the highest common divisor of i and 68?
17
Let a = 19 + -9. Suppose 3*r = r + 26. Let u = 33 - r. Calculate the greatest common factor of u and a.
10
Suppose -u + 28 = -5*s, -u + 3*s + 6 = -4*u. Let v(j) = -4*j**3 + j**3 + j**3 - 2*j**2 - u - j. Let n be v(-3). What is the greatest common factor of 12 and n?
12
Suppose -d + 0*o + 167 = 5*o, -4*d + 5*o = -718. Suppose -2*w + 5*f = -d, -3*w + f = 81 - 327. Calculate the highest common divisor of w and 54.
27
Suppose 2*k - 194 = -3*w, -3*k = 2*w - 4*k - 120. Suppose 17 = -l + w. What is the highest common factor of l and 9?
9
Suppose -d = -3*l + 5, 3*l - 2*d + 4 - 5 = 0. Let m = l + -1. Let x = 2 + 3. Calculate the highest common factor of x and m.
1
Let y(n) = n - 4. Let h be y(8). Suppose -2*f + 0*d + 34 = h*d, f - 4*d = 47. What is the greatest common factor of f and 9?
9
Suppose -3*y - 3*y + 102 = 0. Calculate the highest common divisor of y and 187.
17
Let b(d) = d**3 + 8*d**2 - 9*d + 11. Let w be b(-9). What is the greatest common divisor of 33 and w?
11
Let h(b) = -b + 28. Let y be h(16). What is the highest common factor of 4 and y?
4
Let z be (-6)/(-15) - (-39)/15. Suppose -4*i - 25 = -3*x - 270, -z*i + 185 = -2*x. Suppose -4*y + 2*y + 26 = 0. Calculate the highest common factor of i and y.
13
Let f = -96 - -140. Suppose 0 = -4*t + 5*v - 1, -2*v + f = 4*t + 2*v. What is the greatest common factor of t and 54?
6
Let h(w) = -19*w - 2. Let u = -1 + -1. Let k be h(u). What is the highest common factor of k and 12?
12
Let n be -1 - -1 - 8/(-2). Calculate the greatest common divisor of n and 12.
4
Let f(j) = 9*j**3 - j**2 - j + 1. Let y be f(1). Calculate the highest common factor of 4 and y.
4
Suppose 0*w - 2 = -2*w. Suppose 0*o + 3*r = 4*o - 43, -15 = -5*o - 4*r. Calculate the highest common factor of w and o.
1
Let b(d) = 3*d**2 - 14*d + 30. Let f be b(6). Calculate the highest common divisor of 18 and f.
18
Let p = 409 - 193. Calculate the highest common factor of p and 27.
27
Let h = 114 - 96. Calculate the greatest common divisor of 234 and h.
18
Let r = -7 - -9. Suppose -6 = -2*j + r. Suppose -j*h = -35 - 9. Calculate the greatest common factor of h and 44.
11
Let g = 9 + 96. Calculate the greatest common divisor of g and 21.
21
Suppose -9 = 4*k - k, -n + 2*k + 158 = 0. Calculate the greatest common factor of n and 19.
19
Let r = -18 + 54. Suppose 5*t - 65 - 25 = 0. Calculate the highest common divisor of t and r.
18
Let w(i) = -2*i - 1. Let k be w(-3). Let s be (4/2)/(8/548). Suppose 0*n + 3*n = 5*f - s, -3*f + 91 = -4*n. Calculate the greatest common divisor of f and k.
5
Let v(b) = -b**2 - 11*b - 9. Let n be v(-8). Calculate the greatest common divisor of 15 and n.
15
Suppose 3 - 51 = -4*m. What is the greatest common factor of m and 132?
12
Let i(k) = k**3 + k**2 + k + 25. Let h be i(0). What is the highest common divisor of h and 10?
5
Let p = 294 + -133. What is the highest common divisor of p and 23?
23
Let i be (12/14)/(2/14). Suppose -20*z + 28 = -22*z. Let v be (-1082)/z - i/21. Calculate the highest common divisor of 7 and v.
7
Let x = -1 + -13. Let b be -7*((-108)/x)/(-3). Calculate the highest common factor of 144 and b.
18
Let x be 20/4 - 2/2. Let y be (-2)/x - (-41)/(-2). Let h = y - -31. What is the greatest common divisor of 25 and h?
5
Let c(y) = -y**3 + 4*y**2 + 6*y - 9. Let l be c(4). Let d be (-5)/(